89 is divided by 212155.
3234
What is the remainder when 19594 is divided by 4608?
1162
Calculate the remainder when 43168 is divided by 21346.
476
Calculate the remainder when 1450805 is divided by 930.
5
Calculate the remainder when 35014 is divided by 17458.
98
Calculate the remainder when 9294450 is divided by 404106.
12
Calculate the remainder when 25034061 is divided by 8344687.
0
Calculate the remainder when 688713 is divided by 172152.
105
Calculate the remainder when 14932 is divided by 4226.
2254
What is the remainder when 12581156 is divided by 4048?
4020
Calculate the remainder when 117303 is divided by 3449.
37
What is the remainder when 50072023 is divided by 28?
15
Calculate the remainder when 30084 is divided by 523.
273
What is the remainder when 1293 is divided by 1284?
9
What is the remainder when 822520 is divided by 117499?
27
What is the remainder when 9131287 is divided by 9492?
9475
Calculate the remainder when 3169525 is divided by 210.
205
Calculate the remainder when 92460210 is divided by 11.
7
What is the remainder when 164948 is divided by 27484?
44
What is the remainder when 44423788 is divided by 14?
10
Calculate the remainder when 556538353 is divided by 835.
833
What is the remainder when 30057735 is divided by 6011535?
60
Calculate the remainder when 7395004 is divided by 563.
562
Calculate the remainder when 2511211 is divided by 44.
43
Calculate the remainder when 745538 is divided by 626.
598
Calculate the remainder when 546347 is divided by 479.
287
What is the remainder when 1574437 is divided by 121105?
72
What is the remainder when 423161 is divided by 953?
29
Calculate the remainder when 69560 is divided by 558.
368
Calculate the remainder when 8939984 is divided by 1277140.
4
Calculate the remainder when 267227 is divided by 633.
101
What is the remainder when 38717877 is divided by 562?
11
What is the remainder when 1053809 is divided by 18?
17
Calculate the remainder when 2395158 is divided by 1133.
1129
What is the remainder when 401029 is divided by 36449?
90
Calculate the remainder when 183647 is divided by 183598.
49
What is the remainder when 700490820 is divided by 6221?
6220
Calculate the remainder when 1534976 is divided by 155.
11
Calculate the remainder when 186032240 is divided by 3374.
2
Calculate the remainder when 638919 is divided by 144.
135
Calculate the remainder when 6846566 is divided by 203.
188
Calculate the remainder when 151790 is divided by 3162.
14
What is the remainder when 440869 is divided by 436036?
4833
What is the remainder when 98374 is divided by 12270?
214
Calculate the remainder when 62148780 is divided by 67848.
12
What is the remainder when 1824296 is divided by 1292?
1284
What is the remainder when 84674 is divided by 84668?
6
Calculate the remainder when 2188106 is divided by 196.
158
Calculate the remainder when 1994298 is divided by 98.
96
Calculate the remainder when 7203693 is divided by 127.
126
What is the remainder when 2498257 is divided by 1410?
1147
What is the remainder when 3768541 is divided by 34?
15
Calculate the remainder when 825742 is divided by 63512.
86
Calculate the remainder when 75164439 is divided by 19.
2
What is the remainder when 1572080 is divided by 296?
24
Calculate the remainder when 30879 is divided by 341.
189
Calculate the remainder when 40468 is divided by 7774.
1598
Calculate the remainder when 5331016 is divided by 1777000.
16
What is the remainder when 4523477 is divided by 218?
195
What is the remainder when 1381897 is divided by 36358?
293
What is the remainder when 39049 is divided by 6566?
6219
Calculate the remainder when 2616215 is divided by 306.
221
What is the remainder when 13292 is divided by 445?
387
Calculate the remainder when 534358 is divided by 169.
149
Calculate the remainder when 311484372 is divided by 2215.
2212
Calculate the remainder when 692535 is divided by 25642.
201
What is the remainder when 470141 is divided by 67135?
196
Calculate the remainder when 39849198 is divided by 302.
298
Calculate the remainder when 1891599 is divided by 200.
199
Calculate the remainder when 141565 is divided by 34923.
1873
Calculate the remainder when 177766 is divided by 4037.
138
What is the remainder when 2541420 is divided by 101656?
20
Calculate the remainder when 26429038 is divided by 1692.
1690
Calculate the remainder when 3883623 is divided by 2057.
7
Calculate the remainder when 2192119 is divided by 2892.
2875
What is the remainder when 911129 is divided by 96?
89
What is the remainder when 6904585 is divided by 99?
28
What is the remainder when 4647033 is divided by 516317?
180
Calculate the remainder when 1099384 is divided by 17.
11
Calculate the remainder when 1710000 is divided by 213749.
8
Calculate the remainder when 4462472 is divided by 30.
2
Calculate the remainder when 10498 is divided by 8820.
1678
Calculate the remainder when 322332487 is divided by 228.
223
Calculate the remainder when 202774 is divided by 202.
168
What is the remainder when 15532986 is divided by 79?
6
What is the remainder when 50724839 is divided by 60?
59
Calculate the remainder when 1869103 is divided by 12.
7
What is the remainder when 800744 is divided by 598?
22
What is the remainder when 2323997 is divided by 295?
282
Calculate the remainder when 4079 is divided by 2537.
1542
Calculate the remainder when 62244748 is divided by 2703.
64
Calculate the remainder when 14429555 is divided by 484.
63
Calculate the remainder when 13358649 is divided by 383.
375
Calculate the remainder when 5674193 is divided by 315232.
17
What is the remainder when 7029244 is divided by 113?
79
What is the remainder when 7672128 is divided by 247486?
62
What is the remainder when 2117125 is divided by 4935?
10
Calculate the remainder when 88305719 is divided by 1434.
1433
What is the remainder when 177974 is divided by 58887?
1313
What is the remainder when 1630143 is divided by 249?
189
Calculate the remainder when 14079647 is divided by 119319.
5
Calculate the remainder when 574795 is divided by 216.
19
Calculate the remainder when 948220 is divided by 236969.
344
What is the remainder when 2849912 is divided by 219220?
52
What is the remainder when 96049 is divided by 13?
5
What is the remainder when 285826 is divided by 4057?
1836
Calculate the remainder when 72429714 is divided by 30.
24
Calculate the remainder when 217344 is divided by 1082.
944
What is the remainder when 158593 is divided by 536?
473
What is the remainder when 16267802 is divided by 856200?
2
What is the remainder when 85857 is divided by 17170?
7
What is the remainder when 131834 is divided by 6451?
2814
What is the remainder when 8184278 is divided by 2046048?
86
What is the remainder when 234958977 is divided by 334?
331
Calculate the remainder when 38297245 is divided by 2482.
2467
What is the remainder when 1999093 is divided by 499769?
17
What is the remainder when 190842 is divided by 4388?
2158
What is the remainder when 465278 is divided by 3396?
26
Calculate the remainder when 45242 is divided by 14988.
278
What is the remainder when 661074207 is divided by 3338?
3335
Calculate the remainder when 25339 is divided by 25146.
193
What is the remainder when 5204978 is divided by 743568?
2
What is the remainder when 3746482 is divided by 1091?
1079
What is the remainder when 190426 is divided by 21043?
1039
Calculate the remainder when 19463306 is divided by 23.
16
What is the remainder when 107860 is divided by 19896?
8380
Calculate the remainder when 24924219 is divided by 832.
827
What is the remainder when 161579 is divided by 80748?
83
Calculate the remainder when 294383 is divided by 3634.
29
Calculate the remainder when 48218 is divided by 1049.
1013
What is the remainder when 468036 is divided by 186?
60
What is the remainder when 3123001 is divided by 1561494?
13
Calculate the remainder when 313261 is divided by 104117.
910
What is the remainder when 3425674 is divided by 2166?
1228
Calculate the remainder when 831900 is divided by 30808.
84
What is the remainder when 53344 is divided by 31?
24
What is the remainder when 13915279 is divided by 9185?
4
What is the remainder when 1399301 is divided by 57?
8
What is the remainder when 31064 is divid